 of 13577655?
5
What is the hundred thousands digit of 75262050?
2
What is the millions digit of 47862097?
7
What is the hundreds digit of 106727644?
6
What is the thousands digit of 6814540416?
0
What is the hundred thousands digit of 19942557?
9
What is the billions digit of 1974470085?
1
What is the thousands digit of 4565876772?
6
What is the millions digit of 814435227?
4
What is the ten thousands digit of 95237921?
3
What is the hundred millions digit of 435921346?
4
What is the hundred thousands digit of 73399638?
3
What is the billions digit of 7135850809?
7
What is the ten millions digit of 210606655?
1
What is the millions digit of 7761935300?
1
What is the ten thousands digit of 31647628?
4
What is the ten millions digit of 426199697?
2
What is the hundreds digit of 3551257501?
5
What is the tens digit of 82555000?
0
What is the millions digit of 1440185041?
0
What is the hundred thousands digit of 150884831?
8
What is the hundred thousands digit of 216226152?
2
What is the hundred thousands digit of 887794094?
7
What is the units digit of 95649186?
6
What is the hundred millions digit of 490278361?
4
What is the thousands digit of 252978307?
8
What is the units digit of 331345931?
1
What is the hundreds digit of 84817510?
5
What is the thousands digit of 554733545?
3
What is the billions digit of 2661288423?
2
What is the billions digit of 1241816691?
1
What is the tens digit of 5700366446?
4
What is the ten millions digit of 263180408?
6
What is the tens digit of 63394470?
7
What is the hundred thousands digit of 229778593?
7
What is the ten thousands digit of 394909127?
0
What is the units digit of 740953911?
1
What is the hundreds digit of 3482977969?
9
What is the tens digit of 47135582?
8
What is the thousands digit of 4720486182?
6
What is the tens digit of 5428532578?
7
What is the units digit of 15931287?
7
What is the tens digit of 973936970?
7
What is the units digit of 1881717577?
7
What is the tens digit of 5846969986?
8
What is the tens digit of 123380040?
4
What is the units digit of 996846387?
7
What is the billions digit of 2028309065?
2
What is the ten millions digit of 177595372?
7
What is the ten thousands digit of 1844155870?
5
What is the millions digit of 206692311?
6
What is the hundreds digit of 173477846?
8
What is the millions digit of 92490312?
2
What is the millions digit of 36178587?
6
What is the billions digit of 1407926981?
1
What is the tens digit of 3508676855?
5
What is the hundred millions digit of 114713896?
1
What is the tens digit of 300993827?
2
What is the units digit of 384331531?
1
What is the ten millions digit of 162785627?
6
What is the thousands digit of 2091717091?
7
What is the thousands digit of 43372685?
2
What is the tens digit of 6639925961?
6
What is the ten millions digit of 796975898?
9
What is the millions digit of 914403371?
4
What is the hundred thousands digit of 6824628465?
6
What is the ten thousands digit of 240356756?
5
What is the thousands digit of 57169511?
9
What is the hundred thousands digit of 31801332?
8
What is the ten thousands digit of 1088632762?
3
What is the ten thousands digit of 4166600894?
0
What is the tens digit of 1538352397?
9
What is the millions digit of 4631354624?
1
What is the hundred millions digit of 208417252?
2
What is the units digit of 2148041338?
8
What is the hundred thousands digit of 3473373800?
3
What is the tens digit of 193395755?
5
What is the thousands digit of 487321897?
1
What is the thousands digit of 74998556?
8
What is the ten thousands digit of 1475944361?
4
What is the tens digit of 1372183707?
0
What is the units digit of 5109842084?
4
What is the ten thousands digit of 83760918?
6
What is the ten millions digit of 2816856204?
1
What is the tens digit of 635320971?
7
What is the hundred millions digit of 1012123206?
0
What is the ten millions digit of 210556873?
1
What is the ten millions digit of 100277409?
0
What is the hundred millions digit of 7440220261?
4
What is the hundreds digit of 33188477?
4
What is the hundred millions digit of 1011379575?
0
What is the thousands digit of 6733241582?
1
What is the thousands digit of 167593679?
3
What is the ten thousands digit of 95002200?
0
What is the ten millions digit of 2926544374?
2
What is the tens digit of 317556173?
7
What is the ten millions digit of 1225290909?
2
What is the tens digit of 13856222?
2
What is the units digit of 801909088?
8
What is the thousands digit of 288832301?
2
What is the units digit of 1215814295?
5
What is the hundred thousands digit of 76484027?
4
What is the billions digit of 1265283640?
1
What is the ten thousands digit of 30209202?
0
What is the tens digit of 88231464?
6
What is the thousands digit of 21187724?
7
What is the hundreds digit of 345917764?
7
What is the tens digit of 1114555425?
2
What is the hundred thousands digit of 1390847059?
8
What is the hundreds digit of 207208297?
2
What is the ten thousands digit of 42184028?
8
What is the ten millions digit of 12308951?
1
What is the tens digit of 3781576265?
6
What is the millions digit of 266159212?
6
What is the hundreds digit of 61342195?
1
What is the ten thousands digit of 12513047?
1
What is the ten millions digit of 36077605?
3
What is the thousands digit of 590966673?
6
What is the hundreds digit of 2906501750?
7
What is the billions digit of 1300779398?
1
What is the ten thousands digit of 30706977?
0
What is the ten millions digit of 6445770975?
4
What is the hundreds digit of 338055090?
0
What is the ten thousands digit of 795459118?
5
What is the billions digit of 1336067859?
1
What is the hundreds digit of 35002197?
1
What is the ten thousands digit of 127368625?
6
What is the units digit of 372713797?
7
What is the hundreds digit of 337496451?
4
What is the hundred thousands digit of 51865698?
8
What is the units digit of 26658173?
3
What is the thousands digit of 175216920?
6
What is the hundred thousands digit of 4605563373?
5
What is the units digit of 5933486887?
7
What is the ten millions digit of 56333462?
5
What is the ten millions digit of 24136727?
2
What is the hundreds digit of 680994717?
7
What is the hundreds digit of 27604604?
6
What is the units digit of 53595787?
7
What is the hundred thousands digit of 6841904?
8
What is the hundreds digit of 929939777?
7
What is the hundreds digit of 271498326?
3
What is the hundred thousands digit of 5255993728?
9
What is the ten millions digit of 1735843794?
3
What is the hundred millions digit of 4959832745?
9
What is the ten millions digit of 240152783?
4
What is the thousands digit of 24934700?
4
What is the hundreds digit of 150527001?
0
What is the ten millions digit of 16613345?
1
What is the tens digit of 343726289?
8
What is the thousands digit of 614854364?
4
What is the ten millions digit of 50708170?
5
What is the hundred thousands digit of 345650774?
6
What is the tens digit of 306359713?
1
What is the thousands digit of 1282618414?
8
What is the hundreds digit of 553541305?
3
What is the ten millions digit of 310764580?
1
What is the hundred thousands digit of 826024059?
0
What is the thousands digit of 1664746542?
6
What is the units digit of 48516481?
1
What is the hundred millions digit of 135087796?
1
What is the ten thousands digit of 32428414?
2
What is the thousands digit of 2670793969?
3
What is the millions digit of 2969540422?
9
What is the ten thousands digit of 92890073?
9
What is the tens digit of 65692697?
9
What is the ten thousands digit of 2689083147?
8
What is the ten millions digit of 504691164?
0
What is the ten thousands digit of 14608213?
0
What is the ten millions digit of 316691341?
1
What is the millions digit of 1010901831?
0
What is the hundreds digit of 598389043?
0
What is the ten thousands digit of 132224100?
2
What is the hundred millions digit of 3963578116?
9
What is the hundred thousands digit of 48288483?
2
What is the millions digit of 876058404?
6
What is the units digit of 4603983?
3
What is the thousands digit of 239129944?
9
What is the hundreds digit of 293308479?
4
What is the ten millions digit of 1107433030?
0
What is the thousands digit of 2357422187?
2
What is the tens digit of 396444679?
7
What is the hundreds digit of 3336221126?
1
What is the th